m*g + 5*d - 3054 = -3*g. What are the prime factors of g?
3, 11, 31
Suppose w - 3*v - 793 = 654, -7235 = -5*w + 5*v. What are the prime factors of w?
1447
Suppose m = -10*g + 5*g + 14, 0 = 4*m + 4. List the prime factors of 404 - (g/(-9))/((-5)/(-60)).
2, 3, 17
List the prime factors of (103/(-412))/((-1)/31724).
7, 11, 103
Let d(x) = -x**2 + 93*x + 10. List the prime factors of d(40).
2, 3, 5, 71
Let f(h) = h**3 + 78*h**2 + 135*h - 46. List the prime factors of f(-74).
2, 3, 23, 43
Let z be 2/((-7)/(3493/(-2))). Let h(t) = 2*t + 31. Let i be h(14). Suppose i = -4*x + z. What are the prime factors of x?
2, 5, 11
Let i = -35248 + 55907. What are the prime factors of i?
73, 283
List the prime factors of 336/(-616) + 200982/22.
3, 5, 7, 29
Let f = -541 + 559. Suppose -3*x + 844 = m, -f*x - 3376 = -4*m - 14*x. List the prime factors of m.
2, 211
Suppose 0*h = h, 5*v + 2085 = -4*h. Let y = v - -798. What are the prime factors of y?
3, 127
Suppose 243 = -5*q + 2*n, 2*n + n = -4*q - 199. Let g = -35 - q. What are the prime factors of (0 + 2)/(g/287)?
41
Suppose 0 = y + f - 64 - 3, 5*f = -3*y + 207. Let u = y + -45. Suppose -s + 54 + u = 2*b, s - 58 = 3*b. What are the prime factors of s?
67
Let t(v) = v**3 + 3*v**2 - 12*v + 5. Let h be t(2). What are the prime factors of 376 - h - ((-7 - -11) + -3)?
2, 11, 17
Let z = 535 - 1041. Let q = -298 - z. List the prime factors of q.
2, 13
Let v be (28/(-4) - -10049) + 6. Suppose v + 3128 = 18*g. List the prime factors of g.
2, 3, 61
Let w(y) = -y**3 + 3*y**2 + y + 2. Let u be w(3). Suppose 42 = 4*s + 3*d, -3*s + 33 = -2*d + u*d. Suppose -s*k = -4*k - 450. What are the prime factors of k?
2, 3, 5
Let o(b) = -8*b**2 + 17*b + 9. Let x(y) = 9*y**2 - 18*y - 8. Let t(d) = 4*o(d) + 3*x(d). Let j be t(-4). Let q = j - -163. What are the prime factors of q?
3, 13
Let q(v) = -20*v**3 + 14*v**2 - 25*v + 52. List the prime factors of q(-8).
2, 3, 13, 73
Let i(m) = 3*m + 21. Let b(s) = s + 5. Let n(t) = 18*b(t) - 4*i(t). Let w be n(0). List the prime factors of 2 - (-1 + -12*w - 1).
2, 19
Let o(n) = -n**3 - 8*n**2 - 12*n + 2. Let p(z) = z**3 + 7*z**2 - 6*z + 13. Let s be p(-8). Let h be o(s). Let b(g) = -4*g - 23. List the prime factors of b(h).
5
Suppose -2*u - 142*m + 137*m = -13884, -2*u = m - 13860. What are the prime factors of u?
3, 2309
Suppose 145793 = 353*u - 287617 - 284592. What are the prime factors of u?
2, 3, 113
Let r(g) = g**3 + 58*g**2 + 93*g + 30. What are the prime factors of r(-55)?
2, 3, 5, 7, 19
Suppose 8*o - 48 = 80. Let x be (3 + o)/((-7)/(-168)). Suppose -9*d + 651 = -x. What are the prime factors of d?
3, 41
Suppose 7*o = o + 12. Let y(f) = o - 2*f + f**3 + 12*f**2 - 2 + 6. What are the prime factors of y(-11)?
149
Suppose -42*d - 21*d = 21*d - 808584. What are the prime factors of d?
2, 4813
Let k be ((-33)/(-22))/(3/(-8)). List the prime factors of k/2*1*6632/(-16).
829
Suppose 127930 = 3701*v - 3679*v. List the prime factors of v.
5, 1163
Let g(n) = -n**2 + 2*n. Let w be g(4). Let z(s) = 12*s + 71. Let r be z(w). List the prime factors of 30/r*435/(-2).
3, 29
Let r(n) be the third derivative of n**5/60 - n**4/24 - 5*n**3/2 + 2*n**2 - 23. List the prime factors of r(-11).
3, 13
Suppose 61*q - 70695 = -5*w + 64*q, 0 = 3*w - q - 42421. What are the prime factors of w?
2, 3, 2357
Let q(w) be the third derivative of -83*w**6/60 - w**5/60 + 7*w**3/6 + 4*w**2 + 2. List the prime factors of q(-2).
11
Let m be 156 + -1 + -2 + 2. Let p be 6/(-48) + (-2044)/32. Let z = p + m. What are the prime factors of z?
7, 13
Suppose 5*x = 3*g - 60090, 3*x = 4*g + 24068 - 104188. List the prime factors of g.
2, 5, 2003
Suppose -83467 = -5*f + g, -25*f - 5*g + 200306 = -13*f. List the prime factors of f.
16693
Suppose 49 = 12*w - 59. Suppose 0 = w*a - 284 - 1966. What are the prime factors of a?
2, 5
Let g be 5/(-45)*-9*(-11 + 0). Let r(a) = -74*a + 45. What are the prime factors of r(g)?
859
Suppose -24262 = -4*z + 6*a - 5*a, 5*a + 24254 = 4*z. List the prime factors of z.
2, 3, 337
Let z(h) = 19*h**2 + 2*h - 4. Let m(i) = 19*i**2 + 2*i - 3. Let s(g) = 3*m(g) - 2*z(g). Let v be s(2). Let u = v - 24. List the prime factors of u.
5, 11
Let r be (-3 + -2)/(-15)*15. Suppose -r = -6*y + 13. Suppose -y*t + 94 = -110. What are the prime factors of t?
2, 17
Let x be (-6*(-2)/16)/((-1)/(-896)). Let g = 1280 - x. List the prime factors of g.
2, 19
Suppose 20*h - 62 - 38 = 0. Suppose 5*c - 25 = 0, -5*c = h*b - b - 1293. What are the prime factors of b?
317
Suppose -5*i - 4*l - 1470 = l, 0 = -2*i + 4*l - 612. Let d = 1056 + i. What are the prime factors of d?
2, 379
Let t = 26862 - -16168. List the prime factors of t.
2, 5, 13, 331
Suppose -3*v - 1 = -4*g + 16, 0 = 4*v + 12. Suppose 2*t + g*i = 72, 0*i - 144 = -4*t + 4*i. Let x = 7 + t. What are the prime factors of x?
43
Let y(m) = -m**3 + 5*m**2 + 4*m + 26. Let t be y(6). Suppose -6*x + t*x - 2704 = 0. List the prime factors of x.
2, 13
Let z(b) = -230*b**2 - 3*b - 5. Let m be z(-1). Let g = m - -838. What are the prime factors of g?
2, 3, 101
Let h(u) be the first derivative of 1/4*u**4 - 14/3*u**3 + 23/2*u**2 + 27 + 15*u. List the prime factors of h(12).
3
Let a(o) = -o**3 - 38*o**2 - 41*o - 23. Let s = 537 - 575. List the prime factors of a(s).
5, 307
Suppose -91 = 4*h + 21. Let a = 61 + h. List the prime factors of -195*(a/9 - 4).
5, 13
Let h = 1031 + -706. Let u = h - -9. What are the prime factors of u?
2, 167
Suppose -3*k - 4*w = 425, -2*k + 4*w = 325 - 35. Let t(a) = a**2 - 2*a - 107. Let d be t(0). Let u = d - k. What are the prime factors of u?
2, 3
Suppose 2*m - 3*p - 285 = 0, 2*m + p - 40 = 257. Suppose 3*y - 304 = -88. Suppose 4*d - y = -3*g + 38, 4*g = -5*d + m. What are the prime factors of g?
2, 19
Suppose 2*b + 3*s = 11 + 4, 4*s - 20 = 0. Suppose d + 0*d = 4*v - 143, 4*d + 4*v + 612 = b. Let x = d + 228. What are the prime factors of x?
7, 11
Let i(w) be the first derivative of 7*w**2 + 29*w + 46. Let a be i(-4). Let m = a + 328. List the prime factors of m.
7, 43
Suppose -15 - 3 = 6*i. Let o be 12*((-8)/(-2))/(-8). List the prime factors of i + (2 - (3 + o)) + 28.
2, 3, 5
Let x(d) = -2255*d**3 - d**2 - 10*d - 7. List the prime factors of x(-2).
18049
Let v = 1794 + -271. Let y = 329 + v. List the prime factors of y.
2, 463
Suppose -163190 = -4*y + 3*x, -204003 = -5*y - 2090*x + 2086*x. What are the prime factors of y?
11, 3709
Let v(u) = -333 - 12*u**2 + 27*u + 5*u**2 + 4*u**2 + u**3 - 7*u**2. List the prime factors of v(13).
3, 5, 7
Suppose 26 = 2*s + 3*z + 2, -4*s + 4*z = -68. Let d be ((-12)/s)/(2/5). List the prime factors of 0 + -3 + (0 + d - -15).
2, 5
Let d(z) = 182*z**3 - 2*z**2 - 5*z - 6. Let l be d(3). Let g = -3475 + l. List the prime factors of g.
2, 5, 7
Let k = 335 + -330. List the prime factors of 158/6*(8 - k).
79
Suppose -14 = -2*b - 26, -15*d + 5*b = -87420. What are the prime factors of d?
2, 3, 971
Suppose -3*t - 101*r + 97*r + 30257 = 0, 5*t - 50417 = -r. What are the prime factors of t?
3, 3361
Let d(g) = 177*g - 42. Let h be d(-4). List the prime factors of h/(-12)*(-18)/(-15).
3, 5
Let x be (-6)/6*6 - -25. Suppose x*g - 301 = 2777. List the prime factors of g.
2, 3
Suppose 64*f + 15553 - 73054 = 72931. What are the prime factors of f?
2, 1019
Suppose -f = -3*w + 12742, -5*w = 3*f - 29148 + 7930. Suppose 889 = -9*u + w. List the prime factors of u.
373
List the prime factors of (-294098)/4*(-1276)/2233.
2, 7, 3001
Suppose 2*t = 4, -2*u = -0*u + t - 16. Let w be (-4)/4 + -1*2 + u. Suppose w*n - 310 = -6*n. What are the prime factors of n?
31
Suppose 6*m - 9903 = 3*i + 4017, -5*m - 4*i + 11639 = 0. What are the prime factors of m?
23, 101
Let u(h) be the third derivative of -5/12*h**4 + 0*h - 9/2*h**3 + 0 - 13*h**2. What are the prime factors of u(-25)?
223
Let z(b) = 66*b**3 - 9*b**2 - 36*b + 7. List the prime factors of z(7).
2, 7
Suppose -17*a + 8479 = -12*a - u, -3*a + 2*u + 5093 = 0. Suppose -4267 + a = -2*h. List the prime factors of h.
2, 643
Suppose 0 = 4*b + 41 - 277. Let o = b - 45. Suppose -10*i = -o*i + 336. List the prime factors of i.
2, 3, 7
Suppose 238*d = 263*d - 171264 - 25086. What are the prime factors of d?
2, 3, 7, 11, 17
What are the prime factors of 15 + (-378)/36 + 3755/2?
2, 941
Suppose 5*d + 5*i - 214 = 3